{"id":29,"date":"2024-06-16T12:32:47","date_gmt":"2024-06-16T12:32:47","guid":{"rendered":"https:\/\/ifavnen.dk\/?page_id=29"},"modified":"2024-06-18T18:12:41","modified_gmt":"2024-06-18T18:12:41","slug":"om-mig","status":"publish","type":"page","link":"https:\/\/ifavnen.dk\/?page_id=29","title":{"rendered":"Om mig"},"content":{"rendered":"\n<p>Jeg bor i Lindholm i et parcelhus med lukket have med min mand og to b\u00f8rn \u00e5rgang 2012 og 2014.<\/p>\n\n\n\n<p>Jeg har v\u00e6ret kommunal dagplejer i 8 \u00e5r, inden jeg \u00e5bnede Ifavnen. Jeg har arbejdet som livredder\/sv\u00f8mme-instrukt\u00f8r, b\u00e5de for b\u00f8rne og voksenhold, l\u00e6rer-vikar, arbejdet i b\u00f8rnehave og i 10 \u00e5r arbejdede jeg inden for det socialp\u00e6dagogiske omr\u00e5de, b\u00e5de med b\u00f8rn og voksne. <\/p>\n\n\n\n<p>Jeg passer p\u00e5 b\u00f8rn med hjertet forrest. Glade b\u00f8rn i trivsel, med h\u00f8jt selvv\u00e6rd og lyst til at indg\u00e5 i f\u00e6llesskaber og l\u00e6ring er et dagligt m\u00e5l for mig. Jeg har en anerkendende og n\u00e6rv\u00e6rende tilgang til b\u00f8rn, jeg bruger aktivt det nye b\u00f8rnesyn.<\/p>\n","protected":false},"excerpt":{"rendered":"<p>Jeg bor i Lindholm i et parcelhus med lukket have med min mand og to b\u00f8rn \u00e5rgang 2012 og 2014. Jeg har v\u00e6ret kommunal dagplejer i 8 \u00e5r, inden jeg \u00e5bnede Ifavnen. Jeg har arbejdet som livredder\/sv\u00f8mme-instrukt\u00f8r, b\u00e5de for b\u00f8rne og voksenhold, l\u00e6rer-vikar, arbejdet i b\u00f8rnehave og i 10 \u00e5r arbejdede jeg inden for det [&hellip;]<\/p>\n","protected":false},"author":1,"featured_media":0,"parent":0,"menu_order":0,"comment_status":"closed","ping_status":"closed","template":"","meta":{"footnotes":""},"class_list":["post-29","page","type-page","status-publish","hentry"],"_links":{"self":[{"href":"https:\/\/ifavnen.dk\/index.php?rest_route=\/wp\/v2\/pages\/29","targetHints":{"allow":["GET"]}}],"collection":[{"href":"https:\/\/ifavnen.dk\/index.php?rest_route=\/wp\/v2\/pages"}],"about":[{"href":"https:\/\/ifavnen.dk\/index.php?rest_route=\/wp\/v2\/types\/page"}],"author":[{"embeddable":true,"href":"https:\/\/ifavnen.dk\/index.php?rest_route=\/wp\/v2\/users\/1"}],"replies":[{"embeddable":true,"href":"https:\/\/ifavnen.dk\/index.php?rest_route=%2Fwp%2Fv2%2Fcomments&post=29"}],"version-history":[{"count":3,"href":"https:\/\/ifavnen.dk\/index.php?rest_route=\/wp\/v2\/pages\/29\/revisions"}],"predecessor-version":[{"id":86,"href":"https:\/\/ifavnen.dk\/index.php?rest_route=\/wp\/v2\/pages\/29\/revisions\/86"}],"wp:attachment":[{"href":"https:\/\/ifavnen.dk\/index.php?rest_route=%2Fwp%2Fv2%2Fmedia&parent=29"}],"curies":[{"name":"wp","href":"https:\/\/api.w.org\/{rel}","templated":true}]}}

<p>Jeg bor i Lindholm i et parcelhus med lukket have med min mand og to børn årgang 2012 og 2014.</p>



<p>Jeg har været kommunal dagplejer i 8 år, inden jeg åbnede Ifavnen. Jeg har arbejdet som livredder/svømme-instruktør, både for børne og voksenhold, lærer-vikar, arbejdet i børnehave og i 10 år arbejdede jeg inden for det socialpædagogiske område, både med børn og voksne. </p>



<p>Jeg passer på børn med hjertet forrest. Glade børn i trivsel, med højt selvværd og lyst til at indgå i fællesskaber og læring er et dagligt mål for mig. Jeg har en anerkendende og nærværende tilgang til børn, jeg bruger aktivt det nye børnesyn.</p>

<p>Jeg bor i Lindholm i et parcelhus med lukket have med min mand og to børn årgang 2012 og 2014. Jeg har været kommunal dagplejer i 8 år, inden jeg åbnede Ifavnen. Jeg har arbejdet som livredder/svømme-instruktør, både for børne og voksenhold, lærer-vikar, arbejdet i børnehave og i 10 år arbejdede jeg inden for det [&hellip;]</p>
