{"id":43,"date":"2024-06-16T12:49:56","date_gmt":"2024-06-16T12:49:56","guid":{"rendered":"https:\/\/ifavnen.dk\/?page_id=43"},"modified":"2025-11-21T19:12:32","modified_gmt":"2025-11-21T19:12:32","slug":"priser","status":"publish","type":"page","link":"https:\/\/ifavnen.dk\/?page_id=43","title":{"rendered":"Priser"},"content":{"rendered":"\n<p>L\u00f8n til en privat b\u00f8rnepasser betales af for\u00e6ldrene. Der ydes til et tilskud fra Aalborg kommune p\u00e5 75 %, dog maks 7.335 kr.<\/p>\n\n\n\n<p>Der ydes s\u00f8skenderabat efter g\u00e6ldende regler.<\/p>\n\n\n\n<p>Pr. 1. januar koster en fuldtidsplads hos Ifavnen 10.322 kr om m\u00e5neden.<\/p>\n\n\n\n<p>Tilskuddet fra Aalborg kommune er 7.335 kr<\/p>\n\n\n\n<p>For\u00e6ldrebetalingen er 2.987 kr<\/p>\n\n\n\n<p>Tilskuddet fra Aalborg kommune udbetales til jeres nemkonto. L\u00f8nnen til mig (for\u00e6ldrebetalingen og tilskuddet) skal overf\u00f8res til min konto, s\u00e5 de er til r\u00e5dighed den sidste hverdag i m\u00e5neden.<\/p>\n\n\n\n<p>L\u00f8nnen og tilskuddet forudbetalt. Der betales for 12 m\u00e5neder, ogs\u00e5 under min ferie.<\/p>\n\n\n\n<p>Pris og tilskud reguleres hvert \u00e5r til januar.<\/p>\n\n\n\n<figure class=\"wp-block-image size-large is-resized\"><img loading=\"lazy\" decoding=\"async\" width=\"768\" height=\"1024\" src=\"http:\/\/ifavnen.dk\/wp-content\/uploads\/2024\/06\/IMG_0315-768x1024.jpg\" alt=\"\" class=\"wp-image-55\" style=\"width:309px;height:auto\" srcset=\"https:\/\/ifavnen.dk\/wp-content\/uploads\/2024\/06\/IMG_0315-768x1024.jpg 768w, https:\/\/ifavnen.dk\/wp-content\/uploads\/2024\/06\/IMG_0315-225x300.jpg 225w, https:\/\/ifavnen.dk\/wp-content\/uploads\/2024\/06\/IMG_0315-1152x1536.jpg 1152w, https:\/\/ifavnen.dk\/wp-content\/uploads\/2024\/06\/IMG_0315-1536x2048.jpg 1536w, https:\/\/ifavnen.dk\/wp-content\/uploads\/2024\/06\/IMG_0315-scaled.jpg 1920w\" sizes=\"auto, (max-width: 768px) 100vw, 768px\" \/><\/figure>\n","protected":false},"excerpt":{"rendered":"<p>L\u00f8n til en privat b\u00f8rnepasser betales af for\u00e6ldrene. Der ydes til et tilskud fra Aalborg kommune p\u00e5 75 %, dog maks 7.335 kr. Der ydes s\u00f8skenderabat efter g\u00e6ldende regler. Pr. 1. januar koster en fuldtidsplads hos Ifavnen 10.322 kr om m\u00e5neden. Tilskuddet fra Aalborg kommune er 7.335 kr For\u00e6ldrebetalingen er 2.987 kr Tilskuddet fra Aalborg [&hellip;]<\/p>\n","protected":false},"author":1,"featured_media":0,"parent":0,"menu_order":0,"comment_status":"closed","ping_status":"closed","template":"","meta":{"footnotes":""},"class_list":["post-43","page","type-page","status-publish","hentry"],"_links":{"self":[{"href":"https:\/\/ifavnen.dk\/index.php?rest_route=\/wp\/v2\/pages\/43","targetHints":{"allow":["GET"]}}],"collection":[{"href":"https:\/\/ifavnen.dk\/index.php?rest_route=\/wp\/v2\/pages"}],"about":[{"href":"https:\/\/ifavnen.dk\/index.php?rest_route=\/wp\/v2\/types\/page"}],"author":[{"embeddable":true,"href":"https:\/\/ifavnen.dk\/index.php?rest_route=\/wp\/v2\/users\/1"}],"replies":[{"embeddable":true,"href":"https:\/\/ifavnen.dk\/index.php?rest_route=%2Fwp%2Fv2%2Fcomments&post=43"}],"version-history":[{"count":6,"href":"https:\/\/ifavnen.dk\/index.php?rest_route=\/wp\/v2\/pages\/43\/revisions"}],"predecessor-version":[{"id":125,"href":"https:\/\/ifavnen.dk\/index.php?rest_route=\/wp\/v2\/pages\/43\/revisions\/125"}],"wp:attachment":[{"href":"https:\/\/ifavnen.dk\/index.php?rest_route=%2Fwp%2Fv2%2Fmedia&parent=43"}],"curies":[{"name":"wp","href":"https:\/\/api.w.org\/{rel}","templated":true}]}}